. Let y(h) = 9*h**2 + 6*h + 2. Let a(s) = 5*u(s) - 4*y(s). Let k be a(2). List the prime factors of k/(-15)*(-18)/4.
2, 3
Let m be -2*((-45)/(-6))/(-3). Let d be m - (-5)/((-15)/6). List the prime factors of d/(2 - 1)*1.
3
Suppose 2*q = 58 - 2. What are the prime factors of q?
2, 7
Let v(n) = n**2 - 14*n + 10. List the prime factors of v(15).
5
Let l(j) = 5 - 4*j - 3 - 5*j + 7 + j**2. List the prime factors of l(10).
19
Suppose -6*q - 24 = -8*q. List the prime factors of q.
2, 3
Let p(k) be the third derivative of k**6/120 - k**5/30 + k**4/24 - k**3/3 - 3*k**2. List the prime factors of p(3).
2, 5
Suppose f + 1 = 14. Let h = 18 - f. Suppose 3*l - h*l = -16. What are the prime factors of l?
2
Let h(x) = x**3 + 4*x**2 - 6*x - 3. Let o be h(-5). Let a(z) = -2 - 3*z**2 + 9*z - 5*z + o*z**3 + 0*z**3. What are the prime factors of a(2)?
2, 5
Let y = 56 + -16. Suppose 0*w + w - 20 = 5*b, -w - 5*b + y = 0. What are the prime factors of w?
2, 3, 5
Let i(l) = -l - 2. Let u be i(-6). Let h = 6 - u. Suppose g - 15 = -h*g. What are the prime factors of g?
5
Suppose 5*s = 2*z - 1 + 9, 4*z - 4 = 0. Suppose -3*k + s*k = -30. List the prime factors of k.
2, 3, 5
Let p be 5*(-1)/(2 + -7). Let y = -18 + p. Let j = 35 + y. List the prime factors of j.
2, 3
Suppose -k = -2*v - 3*k, 4*v - 5*k = 27. Suppose u + v*q + 13 = 0, -u + 4*q - 17 = -39. List the prime factors of 13/u + 2/(-4).
2, 3
Let z(l) = l**3 - l**2 + l + 1. Let k(t) = -4*t**3 - 11*t**2 - 23*t - 24. Let c(w) = -k(w) - 5*z(w). List the prime factors of c(17).
2, 3
Let q = -5 + 13. Suppose 3*r = -r + q. Suppose 15 = r*m + m. List the prime factors of m.
5
Suppose -2*r + 76 = 4*m - 102, -3*m + 5*r + 166 = 0. What are the prime factors of m?
47
Let a be -1*2/(-6)*0. Let u(y) = y**3 - y**2 - y + 9. List the prime factors of u(a).
3
Let g be ((-4)/5)/(1/(-25)). Suppose 4*t + 2*c + 0*c + 8 = 0, 8 = t + 3*c. List the prime factors of t/10 + 68/g.
3
Let i(c) = c**3 - 2*c**2 - 7*c + 3. What are the prime factors of i(5)?
43
Suppose 2*x = -x + 3. Suppose x = -3*k + 10. What are the prime factors of k?
3
Suppose -2*w - 1 + 9 = 0. Suppose 0 = v + 2 - 4. Suppose v*l - 1 = 3*l - 5*c, w*c = 3*l - 30. List the prime factors of l.
2, 7
Let o(l) = l**2 + 3*l - 6. Let r be o(-5). Suppose -a - 3*a - 2*m + 14 = 0, -8 = 2*a - r*m. What are the prime factors of a?
2
Let c(b) = -106*b**3 + b. Let t be c(1). Let w be 2/1*t/(-14). Suppose -2*p + w = p. List the prime factors of p.
5
Suppose 47 = 5*u - 98. List the prime factors of u.
29
Let j(b) = -8*b + 6. What are the prime factors of j(-8)?
2, 5, 7
Let z(f) = -8*f**2 - 3*f + 1. Let v be z(2). Let t = v + 66. What are the prime factors of t?
29
Suppose -3*i + 4*y - 7 + 0 = 0, -i - 3*y - 24 = 0. Let n = i - -8. What are the prime factors of n*(-3)/(-6)*-42?
3, 7
Let f be (-7)/21 - 7/(-3). Suppose f = 2*q - 2. List the prime factors of (-5)/(q - 10/4).
2, 5
Let x(z) be the third derivative of z**4/4 - z**3/2 - 2*z**2. Let y be x(2). What are the prime factors of 51/y + 1/3?
2, 3
Let v(g) = 2*g**2 - 8*g + 7. What are the prime factors of v(6)?
31
What are the prime factors of (4/7)/(2/91)?
2, 13
Let d be (0 + 0 + 2)/(-2). Let h(s) = -s**2 - 11. Let n be h(0). Let g = d - n. What are the prime factors of g?
2, 5
Suppose 0 = l - i + 2, -4*l + 2*i = -0*l + 2. Suppose -f - 3*h = 2 - 0, 5*h = 2*f + 4. List the prime factors of 6 - l - f/2.
2, 3
Let t(r) be the third derivative of -r**5/60 - r**4/12 + 3*r**3/2 + r**2. Let x be t(-7). List the prime factors of x/(-10) - 6/(-15).
3
Suppose -26 = -2*g + 3*h, 5*g + 2*h - 48 = h. What are the prime factors of g?
2, 5
Let w(k) = 17*k - 13. Let p(u) = 8*u - 6. Suppose 12 = -2*t - t. Let d(v) = t*w(v) + 9*p(v). List the prime factors of d(2).
2, 3
Let y(g) = -g**3 + 5*g**2 + 7*g + 3. Let u(d) = -d + 6. Let b be u(0). What are the prime factors of y(b)?
3
What are the prime factors of 9/(4 + -1) + 5?
2
Suppose 3*m = 236 + 466. List the prime factors of m.
2, 3, 13
Let j be 1/(4/6 - 1). Let t be 4/3*j/(-2). Suppose 0*d = -t*d + 24. List the prime factors of d.
2, 3
Suppose 0 = 6*c - 61 - 53. What are the prime factors of c?
19
Let v(i) = -54*i**3 + i**2 + i. Let l be v(-1). Suppose -2*k + 0*k = 3*d - 16, 4*d = -5*k + l. What are the prime factors of k?
2, 7
Let g = 103 - 51. List the prime factors of g.
2, 13
Suppose 5*w + 4*n - 58 = 0, 2*n = 7*n - 10. Suppose 5*m = 3*m + w. Suppose 55 = 5*l - m*j, -3*l = 2*l + 5*j - 5. List the prime factors of l.
2, 3
Let l be 14 - ((-2)/(-12) + 10/12). Suppose -o = -5*o + 56. Suppose 2*d - 2*s = o, -56 = -4*d + s - l. List the prime factors of d.
2, 3
Let w = 48 + 0. What are the prime factors of w?
2, 3
Let p = -2 + 4. What are the prime factors of 5/(1 - (2 - p))?
5
Let u = 45 - -15. List the prime factors of u.
2, 3, 5
Suppose -o - 2*d = -4*o + 41, 0 = 4*o - 5*d - 64. Let r = o + 16. Suppose v + 6 = x, 4*x - 3*v - r = -0*v. List the prime factors of x.
3
Let w(g) = -g**3 + 12*g**2 - 10*g + 18. Let p be w(11). Suppose 2*l = a + 3*a - 152, -a - 4*l = -p. What are the prime factors of a?
37
Suppose -5*y + 420 - 100 = 5*x, -4*y + 263 = -3*x. Suppose 5*f = -4*r + 7, -5*r = -9*f + 4*f - y. List the prime factors of r.
2
Suppose 43 = -3*q - 5. Let b be q/(-6)*12/8. Suppose 0*z + b*z = -a + 54, 3*a - 45 = -3*z. List the prime factors of z.
13
Let i = -5 + 2. Let f(o) = 2*o**2 + 4*o - 1. Let b be f(i). Suppose 67 = 6*u - 2*u + b*g, 3*u = 3*g + 30. List the prime factors of u.
13
Let o(v) = -2*v + 115. Let s be o(0). Suppose 8 = -5*p - y + 105, 5*p - 5*y = s. List the prime factors of p.
2, 5
Let b(n) = n. Let r(c) = c - 2. Let p(u) = 5*b(u) + r(u). What are the prime factors of p(2)?
2, 5
Suppose 0 = -3*i - 3*t - 15, -3*i + 5*t = t - 20. Suppose i = -2*o + 4 + 2. Suppose 0*k + 15 = o*k. List the prime factors of k.
5
Let d(s) = 9*s + 1 - 16*s + 2. List the prime factors of d(-5).
2, 19
Let z(s) = s**3 - 3*s**2 - 2*s - 3. Let v be z(4). What are the prime factors of v + (-1 - 1)/1?
3
Suppose -4*a = 3*a - 553. What are the prime factors of a?
79
Let u = 9 - -3. Suppose -3*r - 2 = 4*v, 3*v = -2*v - 10. Suppose -u = -d - r. List the prime factors of d.
2, 5
Let u(x) be the second derivative of -7*x**3/3 + x**2/2 - 2*x. List the prime factors of u(-1).
3, 5
What are the prime factors of (-8)/4*-2 - -79?
83
Let o = -18 + 67. What are the prime factors of o?
7
Suppose -12*c + 1971 = -3*c. What are the prime factors of c?
3, 73
Let a = 6 - -21. What are the prime factors of a?
3
Let l(w) = -w - 4. Let k be l(-3). What are the prime factors of (k - 2)*5/(-3)?
5
Let z be (-5)/(15/6) + 17. Let x be z*((-8)/(-6) - 1). Suppose 13 = x*c - 2. List the prime factors of c.
3
Let a be 3 + -6 + 0 + 17. List the prime factors of ((-12)/(-7))/(4/a).
2, 3
Let n(l) = l**3 - 5*l**2 - l - 4. Let d be n(6). Suppose 3*r - 26 = 19. Suppose -5*a = -a - 2*w - d, 3*w = r. List the prime factors of a.
3
Suppose -2*p + 7*p = 70. What are the prime factors of p?
2, 7
Let z(u) = -u**3 + u + 8. List the prime factors of z(0).
2
Let j = 17 + -8. What are the prime factors of j?
3
Suppose 129 = 8*m - 103. List the prime factors of m.
29
Let x(r) = -7*r - 39. What are the prime factors of x(-14)?
59
Let r(h) = -7*h**3 + 3*h**2 - 3*h - 1. Let j(a) = -6*a**3 + 4*a**2 - 2*a - 1. Let f(l) = 6*j(l) - 5*r(l). List the prime factors of f(9).
2, 13
Suppose -3*j = -4 - 2. Suppose 0 = 5*s - h - 25, 0 = -3*s - j*h + 1 + 1. What are the prime factors of ((-10)/s)/((-2)/8)?
2, 5
Let u be (-2 + 7)*28/(-10). Let b = 0 - u. List the prime factors of b.
2, 7
Let t(a) be the third derivative of -a**6/120 - a**5/12 - a**4/8 - 2*a**3/3 + a**2. What are the prime factors of t(-5)?
11
Suppose r + r = 3*k + 9, 2*r + 3 = -k. Suppose r*x = x - 2. List the prime factors of x.
2
Suppose 771 = 3*p + 4*k, 7 = -3*k - 2. List the prime factors of p.
3, 29
Let o(m) be the second derivative of m**4/12 + m**3/6 + 2*m**2 - 2*m. Let f be o(4). List the prime factors of -2 + (-5)/((-15)/f).
2, 3
Suppose -5*m + 10 = -5. Suppose 2*x = -x - 4*v + 12, -3*x = v - m. Let f = 4 + x. What are the prime factors of f?
2
Suppose 405 = 5*k - 5*r, r - 312 = -4*k + 2*r. Suppose 5*c + 32 = k. List the prime factors of c.
3
Suppose -d + 16 = -5*d. Let h = 6 + d. What are the prime factors of h?
2
Let